{"id":345030,"date":"2023-09-04T14:48:11","date_gmt":"2023-09-04T12:48:11","guid":{"rendered":"https:\/\/www.onisecoturismo.es\/?post_type=tribe_events&#038;p=345030"},"modified":"2023-10-11T13:07:14","modified_gmt":"2023-10-11T11:07:14","slug":"certamen-queso-gamoneu-2023","status":"publish","type":"tribe_events","link":"https:\/\/www.onisecoturismo.es\/fr\/agenda\/certamen-queso-gamoneu-2023\/","title":{"rendered":"Certamen Queso Gamon\u00e9u 2023"},"content":{"rendered":"<div class=\"x11i5rnm xat24cr x1mh8g0r x1vvkbs xtlvy1s x126k92a\">\n<div dir=\"auto\">\n<p><span class=\"x3nfvp2 x1j61x8r x1fcty0u xdj266r xhhsvwb xat24cr xgzva0m xxymvpz xlup9mm x1kky2od\"><img decoding=\"async\" src=\"https:\/\/static.xx.fbcdn.net\/images\/emoji.php\/v9\/t6e\/1.5\/16\/1f49b.png\" alt=\"\ud83d\udc9b\" width=\"16\" height=\"16\" \/><\/span>El <strong>s\u00e1bado 28<\/strong>, en la Cuevona de Av\u00edn se presentar\u00e1 el documental \u00ab\u00a0\ud835\udc09\ud835\udc00\ud835\udc0b\ud835\udc0b\ud835\udc00\ud835\udc03\ud835\udc08\ud835\udc19\ud835\udc14\u2027 \ud835\udc14\ud835\udc27 \ud835\udc2f\ud835\udc22\ud835\udc1a\ud835\udc23\ud835\udc1e \ud835\udc1a \ud835\udc25\ud835\udc1a\ud835\udc2c \ud835\udc2e\u0301\ud835\udc25\ud835\udc2d\ud835\udc22\ud835\udc26\ud835\udc1a\ud835\udc2c \ud835\udc0c\ud835\udc1a\ud835\udc23\ud835\udc1a\ud835\udc1d\ud835\udc1a\ud835\udc2c \ud835\udc1d\ud835\udc1e \ud835\udc0e\ud835\udc27\ud835\udc22\u0301\ud835\udc2c\u00a0\u00bb, la proyecci\u00f3n se acompa\u00f1ar\u00e1 de un concierto de <a class=\"x1i10hfl xjbqb8w x6umtig x1b1mbwd xaqea5y xav7gou x9f619 x1ypdohk xt0psk2 xe8uvvx xdj266r x11i5rnm xat24cr x1mh8g0r xexx8yu x4uap5 x18d9i69 xkhd6sd x16tdsg8 x1hl2dhg xggy1nq x1a2a7pz xt0b8zv x1qq9wsj xo1l8bm\" tabindex=\"0\" role=\"link\" href=\"https:\/\/www.facebook.com\/FelpeyuOficial?__cft__[0]=AZVeQQnA-KFTfmtc3j25lWtuDotW5gsbmCe_tgdhiHutS24sgFHHOU-XPnhk7wohDpUzdwJOAtR_81L3uQHs-6-YYAEZoRlnvL-ncFou4Bt31wMYJi3WZGXlg5jtRJgqzzj0NvnluKnsjjsmd2lz8vYp&amp;__tn__=-]K-R\" target=\"_blank\" rel=\"noopener\"><span class=\"xt0psk2\">Felpeyu &#8211; Oficial<\/span><\/a>.<\/p>\n<\/div>\n<\/div>\n<div class=\"x11i5rnm xat24cr x1mh8g0r x1vvkbs xtlvy1s x126k92a\">\n<div dir=\"auto\">\n<p><span class=\"x3nfvp2 x1j61x8r x1fcty0u xdj266r xhhsvwb xat24cr xgzva0m xxymvpz xlup9mm x1kky2od\"><img decoding=\"async\" src=\"https:\/\/static.xx.fbcdn.net\/images\/emoji.php\/v9\/ted\/1.5\/16\/1f49a.png\" alt=\"\ud83d\udc9a\" width=\"16\" height=\"16\" \/><\/span>El <strong>domingo 29<\/strong>, tendr\u00e1 lugar el Concurso Exposici\u00f3n de Quesos y la degustaci\u00f3n de cocina del Gamon\u00e9u con la colaboraci\u00f3n de <a class=\"x1i10hfl xjbqb8w x6umtig x1b1mbwd xaqea5y xav7gou x9f619 x1ypdohk xt0psk2 xe8uvvx xdj266r x11i5rnm xat24cr x1mh8g0r xexx8yu x4uap5 x18d9i69 xkhd6sd x16tdsg8 x1hl2dhg xggy1nq x1a2a7pz xt0b8zv x1qq9wsj xo1l8bm\" tabindex=\"0\" role=\"link\" href=\"https:\/\/www.facebook.com\/CasaPedroParresRestaurante?__cft__[0]=AZVeQQnA-KFTfmtc3j25lWtuDotW5gsbmCe_tgdhiHutS24sgFHHOU-XPnhk7wohDpUzdwJOAtR_81L3uQHs-6-YYAEZoRlnvL-ncFou4Bt31wMYJi3WZGXlg5jtRJgqzzj0NvnluKnsjjsmd2lz8vYp&amp;__tn__=-]K-R\" target=\"_blank\" rel=\"noopener\"><span class=\"xt0psk2\">Casa Pedro Parres<\/span><\/a>.<\/p>\n<\/div>\n<\/div>\n<div class=\"x11i5rnm xat24cr x1mh8g0r x1vvkbs xtlvy1s x126k92a\">\n<div dir=\"auto\">\n<p><span class=\"x3nfvp2 x1j61x8r x1fcty0u xdj266r xhhsvwb xat24cr xgzva0m xxymvpz xlup9mm x1kky2od\"><img decoding=\"async\" src=\"https:\/\/static.xx.fbcdn.net\/images\/emoji.php\/v9\/t54\/1.5\/16\/1f5e3.png\" alt=\"\ud83d\udde3\ufe0f\" width=\"16\" height=\"16\" \/><\/span>El preg\u00f3n correr\u00e1 a cargo de Don Javier Guillen Director General de la <a class=\"x1i10hfl xjbqb8w x6umtig x1b1mbwd xaqea5y xav7gou x9f619 x1ypdohk xt0psk2 xe8uvvx xdj266r x11i5rnm xat24cr x1mh8g0r xexx8yu x4uap5 x18d9i69 xkhd6sd x16tdsg8 x1hl2dhg xggy1nq x1a2a7pz xt0b8zv x1qq9wsj xo1l8bm\" tabindex=\"0\" role=\"link\" href=\"https:\/\/www.facebook.com\/VueltaaEspana2023?__cft__[0]=AZVeQQnA-KFTfmtc3j25lWtuDotW5gsbmCe_tgdhiHutS24sgFHHOU-XPnhk7wohDpUzdwJOAtR_81L3uQHs-6-YYAEZoRlnvL-ncFou4Bt31wMYJi3WZGXlg5jtRJgqzzj0NvnluKnsjjsmd2lz8vYp&amp;__tn__=-]K-R\" target=\"_blank\" rel=\"noopener\"><span class=\"xt0psk2\">Vuelta a Espa\u00f1a 2023<\/span><\/a>.<\/p>\n<\/div>\n<\/div>\n<div class=\"x11i5rnm xat24cr x1mh8g0r x1vvkbs xtlvy1s x126k92a\">\n<div dir=\"auto\">\u00a0Este mismo d\u00eda se entregar\u00e1n los \ud835\udc0f\ud835\udc2b\ud835\udc1e\ud835\udc26\ud835\udc22\ud835\udc28\ud835\udc2c \ud835\udc06\ud835\udc1a\ud835\udc26\ud835\udc28\ud835\udc27\ud835\udc1e\u0301\ud835\udc2e \ud835\udc1d\ud835\udc1e \ud835\udc0e\ud835\udc2b\ud835\udc28:<\/div>\n<div dir=\"auto\"><span class=\"x3nfvp2 x1j61x8r x1fcty0u xdj266r xhhsvwb xat24cr xgzva0m xxymvpz xlup9mm x1kky2od\">\u00a0 \u00a0<img decoding=\"async\" src=\"https:\/\/static.xx.fbcdn.net\/images\/emoji.php\/v9\/ted\/1.5\/16\/1f947.png\" alt=\"\ud83e\udd47\" width=\"16\" height=\"16\" \/><\/span> Don Jos\u00e9 Ignacio Bosh, director del <a class=\"x1i10hfl xjbqb8w x6umtig x1b1mbwd xaqea5y xav7gou x9f619 x1ypdohk xt0psk2 xe8uvvx xdj266r x11i5rnm xat24cr x1mh8g0r xexx8yu x4uap5 x18d9i69 xkhd6sd x16tdsg8 x1hl2dhg xggy1nq x1a2a7pz xt0b8zv x1qq9wsj xo1l8bm\" tabindex=\"0\" role=\"link\" href=\"https:\/\/www.facebook.com\/paradores?__cft__[0]=AZVeQQnA-KFTfmtc3j25lWtuDotW5gsbmCe_tgdhiHutS24sgFHHOU-XPnhk7wohDpUzdwJOAtR_81L3uQHs-6-YYAEZoRlnvL-ncFou4Bt31wMYJi3WZGXlg5jtRJgqzzj0NvnluKnsjjsmd2lz8vYp&amp;__tn__=-]K-R\" target=\"_blank\" rel=\"noopener\"><span class=\"xt0psk2\">Paradores<\/span><\/a> Cangas de On\u00eds<\/div>\n<div dir=\"auto\">\n<p><span class=\"x3nfvp2 x1j61x8r x1fcty0u xdj266r xhhsvwb xat24cr xgzva0m xxymvpz xlup9mm x1kky2od\">\u00a0 \u00a0<img decoding=\"async\" src=\"https:\/\/static.xx.fbcdn.net\/images\/emoji.php\/v9\/ted\/1.5\/16\/1f947.png\" alt=\"\ud83e\udd47\" width=\"16\" height=\"16\" \/><\/span> Do\u00f1a Belarmina Alonso Alonso, Do\u00f1a Alfonsina Alonso Alonso y Do\u00f1a Maria Luisa Gonzalez Alonso vecinas de Gamon\u00e9u. Viudas de los hermanos Jose, Blas y Mario, queseros premiados en 2005 y Pastores de Belbin y la Huelga durante toda su vida.<\/p>\n<\/div>\n<\/div>\n<div class=\"x11i5rnm xat24cr x1mh8g0r x1vvkbs xtlvy1s x126k92a\">\n<div dir=\"auto\">\n<p><span class=\"x3nfvp2 x1j61x8r x1fcty0u xdj266r xhhsvwb xat24cr xgzva0m xxymvpz xlup9mm x1kky2od\"><img decoding=\"async\" src=\"https:\/\/static.xx.fbcdn.net\/images\/emoji.php\/v9\/tb5\/1.5\/16\/1f5d3.png\" alt=\"\ud83d\uddd3\ufe0f\" width=\"16\" height=\"16\" \/><\/span>El 28 y el 29 tambi\u00e9n se celebrar\u00e1 el Concurso Nacional de Oveya Xalda que contar\u00e1 con cata de xaldu para todos los asistentes.<br \/>\n<span class=\"x3nfvp2 x1j61x8r x1fcty0u xdj266r xhhsvwb xat24cr xgzva0m xxymvpz xlup9mm x1kky2od\"><img decoding=\"async\" src=\"https:\/\/static.xx.fbcdn.net\/images\/emoji.php\/v9\/t57\/1.5\/16\/1f44f.png\" alt=\"\ud83d\udc4f\" width=\"16\" height=\"16\" \/>Este a\u00f1o se recuperar\u00e1 la subasta de los \ud835\udc26\ud835\udc1e\ud835\udc23\ud835\udc28\ud835\udc2b\ud835\udc1e\ud835\udc2c \ud835\udc10\ud835\udc2e\ud835\udc1e\ud835\udc2c\ud835\udc28\ud835\udc2c \ud835\udc06\ud835\udc1a\ud835\udc26\ud835\udc28\ud835\udc27\ud835\udc1e\u0301\ud835\udc2e \ud835\udc1d\ud835\udc1e\ud835\udc25 \ud835\udfd0\ud835\udfce\ud835\udfd0\ud835\udfd1 don\u00e1ndose la recaudaci\u00f3n a <a class=\"x1i10hfl xjbqb8w x6umtig x1b1mbwd xaqea5y xav7gou x9f619 x1ypdohk xt0psk2 xe8uvvx xdj266r x11i5rnm xat24cr x1mh8g0r xexx8yu x4uap5 x18d9i69 xkhd6sd x16tdsg8 x1hl2dhg xggy1nq x1a2a7pz xt0b8zv x1qq9wsj xo1l8bm\" tabindex=\"0\" role=\"link\" href=\"https:\/\/www.facebook.com\/profile.php?id=100076065699184&amp;__cft__[0]=AZVeQQnA-KFTfmtc3j25lWtuDotW5gsbmCe_tgdhiHutS24sgFHHOU-XPnhk7wohDpUzdwJOAtR_81L3uQHs-6-YYAEZoRlnvL-ncFou4Bt31wMYJi3WZGXlg5jtRJgqzzj0NvnluKnsjjsmd2lz8vYp&amp;__tn__=-]K-R\" target=\"_blank\" rel=\"noopener\"><span class=\"xt0psk2\">FAPOE<\/span><\/a> -Federaci\u00f3n de Asociaciones de Personas Ostomizadas de Espa\u00f1a<\/span><\/p>\n<\/div>\n<\/div>\n<div class=\"x11i5rnm xat24cr x1mh8g0r x1vvkbs xtlvy1s x126k92a\">\n<div dir=\"auto\"><span class=\"x3nfvp2 x1j61x8r x1fcty0u xdj266r xhhsvwb xat24cr xgzva0m xxymvpz xlup9mm x1kky2od\"><img decoding=\"async\" src=\"https:\/\/static.xx.fbcdn.net\/images\/emoji.php\/v9\/t9e\/1.5\/16\/1f6a8.png\" alt=\"\ud83d\udea8\" width=\"16\" height=\"16\" \/><\/span>Otras citas importantes que no puedes perderte en On\u00eds, son el pr\u00f3ximo 19 de octubre con la Feria de Ganados y el 21 de octubre con el Concurso de Cabras de los Picos de Europa<\/div>\n<\/div>\n<div dir=\"auto\"><a href=\"https:\/\/www.onisecoturismo.es\/wp-content\/uploads\/2023\/10\/Programa-Certamen-Queso-Gamoneu-Onis-2023.jpg\"><strong>DESCARGAR PROGRAMA (pdf)<\/strong><\/a><br \/>\n<a href=\"https:\/\/www.onisecoturismo.es\/wp-content\/uploads\/2023\/10\/Programa-Certamen-Queso-Gamoneu-Onis-2023.jpg\"><strong>DESCARGAR PROGRAMA (jpg)<\/strong><\/a><\/div>\n","protected":false},"excerpt":{"rendered":"<p>SABADO 28; Estreno del documental &lsquo;JALLADIZU, un viaje a las \u00faltimas majadas de On\u00eds y Concierto de FELPEYU<br \/>\nDOMINGO 29; Concurso-Exposici\u00f3n de Quesos. preg\u00f3n y entrega Premios Gamon\u00e9u 2023<\/p>\n","protected":false},"author":2,"featured_media":345075,"template":"","meta":{"_acf_changed":false,"_et_pb_use_builder":"","_et_pb_old_content":"","_et_gb_content_width":"","_tribe_events_status":"","_tribe_events_status_reason":"","footnotes":""},"tags":[],"tribe_events_cat":[],"class_list":["post-345030","tribe_events","type-tribe_events","status-publish","has-post-thumbnail","hentry"],"acf":[],"_links":{"self":[{"href":"https:\/\/www.onisecoturismo.es\/fr\/wp-json\/wp\/v2\/tribe_events\/345030","targetHints":{"allow":["GET"]}}],"collection":[{"href":"https:\/\/www.onisecoturismo.es\/fr\/wp-json\/wp\/v2\/tribe_events"}],"about":[{"href":"https:\/\/www.onisecoturismo.es\/fr\/wp-json\/wp\/v2\/types\/tribe_events"}],"author":[{"embeddable":true,"href":"https:\/\/www.onisecoturismo.es\/fr\/wp-json\/wp\/v2\/users\/2"}],"version-history":[{"count":0,"href":"https:\/\/www.onisecoturismo.es\/fr\/wp-json\/wp\/v2\/tribe_events\/345030\/revisions"}],"wp:featuredmedia":[{"embeddable":true,"href":"https:\/\/www.onisecoturismo.es\/fr\/wp-json\/wp\/v2\/media\/345075"}],"wp:attachment":[{"href":"https:\/\/www.onisecoturismo.es\/fr\/wp-json\/wp\/v2\/media?parent=345030"}],"wp:term":[{"taxonomy":"post_tag","embeddable":true,"href":"https:\/\/www.onisecoturismo.es\/fr\/wp-json\/wp\/v2\/tags?post=345030"},{"taxonomy":"tribe_events_cat","embeddable":true,"href":"https:\/\/www.onisecoturismo.es\/fr\/wp-json\/wp\/v2\/tribe_events_cat?post=345030"}],"curies":[{"name":"wp","href":"https:\/\/api.w.org\/{rel}","templated":true}]}}

Certamen Queso Gamonéu 2023

<div class="x11i5rnm xat24cr x1mh8g0r x1vvkbs xtlvy1s x126k92a">
<div dir="auto">
<p><span class="x3nfvp2 x1j61x8r x1fcty0u xdj266r xhhsvwb xat24cr xgzva0m xxymvpz xlup9mm x1kky2od"><img decoding="async" src="https://static.xx.fbcdn.net/images/emoji.php/v9/t6e/1.5/16/1f49b.png" alt="💛" width="16" height="16" /></span>El <strong>sábado 28</strong>, en la Cuevona de Avín se presentará el documental « 𝐉𝐀𝐋𝐋𝐀𝐃𝐈𝐙𝐔‧ 𝐔𝐧 𝐯𝐢𝐚𝐣𝐞 𝐚 𝐥𝐚𝐬 𝐮́𝐥𝐭𝐢𝐦𝐚𝐬 𝐌𝐚𝐣𝐚𝐝𝐚𝐬 𝐝𝐞 𝐎𝐧𝐢́𝐬 », la proyección se acompañará de un concierto de <a class="x1i10hfl xjbqb8w x6umtig x1b1mbwd xaqea5y xav7gou x9f619 x1ypdohk xt0psk2 xe8uvvx xdj266r x11i5rnm xat24cr x1mh8g0r xexx8yu x4uap5 x18d9i69 xkhd6sd x16tdsg8 x1hl2dhg xggy1nq x1a2a7pz xt0b8zv x1qq9wsj xo1l8bm" tabindex="0" role="link" href="https://www.facebook.com/FelpeyuOficial?__cft__[0]=AZVeQQnA-KFTfmtc3j25lWtuDotW5gsbmCe_tgdhiHutS24sgFHHOU-XPnhk7wohDpUzdwJOAtR_81L3uQHs-6-YYAEZoRlnvL-ncFou4Bt31wMYJi3WZGXlg5jtRJgqzzj0NvnluKnsjjsmd2lz8vYp&amp;__tn__=-]K-R" target="_blank" rel="noopener"><span class="xt0psk2">Felpeyu &#8211; Oficial</span></a>.</p>
</div>
</div>
<div class="x11i5rnm xat24cr x1mh8g0r x1vvkbs xtlvy1s x126k92a">
<div dir="auto">
<p><span class="x3nfvp2 x1j61x8r x1fcty0u xdj266r xhhsvwb xat24cr xgzva0m xxymvpz xlup9mm x1kky2od"><img decoding="async" src="https://static.xx.fbcdn.net/images/emoji.php/v9/ted/1.5/16/1f49a.png" alt="💚" width="16" height="16" /></span>El <strong>domingo 29</strong>, tendrá lugar el Concurso Exposición de Quesos y la degustación de cocina del Gamonéu con la colaboración de <a class="x1i10hfl xjbqb8w x6umtig x1b1mbwd xaqea5y xav7gou x9f619 x1ypdohk xt0psk2 xe8uvvx xdj266r x11i5rnm xat24cr x1mh8g0r xexx8yu x4uap5 x18d9i69 xkhd6sd x16tdsg8 x1hl2dhg xggy1nq x1a2a7pz xt0b8zv x1qq9wsj xo1l8bm" tabindex="0" role="link" href="https://www.facebook.com/CasaPedroParresRestaurante?__cft__[0]=AZVeQQnA-KFTfmtc3j25lWtuDotW5gsbmCe_tgdhiHutS24sgFHHOU-XPnhk7wohDpUzdwJOAtR_81L3uQHs-6-YYAEZoRlnvL-ncFou4Bt31wMYJi3WZGXlg5jtRJgqzzj0NvnluKnsjjsmd2lz8vYp&amp;__tn__=-]K-R" target="_blank" rel="noopener"><span class="xt0psk2">Casa Pedro Parres</span></a>.</p>
</div>
</div>
<div class="x11i5rnm xat24cr x1mh8g0r x1vvkbs xtlvy1s x126k92a">
<div dir="auto">
<p><span class="x3nfvp2 x1j61x8r x1fcty0u xdj266r xhhsvwb xat24cr xgzva0m xxymvpz xlup9mm x1kky2od"><img decoding="async" src="https://static.xx.fbcdn.net/images/emoji.php/v9/t54/1.5/16/1f5e3.png" alt="🗣️" width="16" height="16" /></span>El pregón correrá a cargo de Don Javier Guillen Director General de la <a class="x1i10hfl xjbqb8w x6umtig x1b1mbwd xaqea5y xav7gou x9f619 x1ypdohk xt0psk2 xe8uvvx xdj266r x11i5rnm xat24cr x1mh8g0r xexx8yu x4uap5 x18d9i69 xkhd6sd x16tdsg8 x1hl2dhg xggy1nq x1a2a7pz xt0b8zv x1qq9wsj xo1l8bm" tabindex="0" role="link" href="https://www.facebook.com/VueltaaEspana2023?__cft__[0]=AZVeQQnA-KFTfmtc3j25lWtuDotW5gsbmCe_tgdhiHutS24sgFHHOU-XPnhk7wohDpUzdwJOAtR_81L3uQHs-6-YYAEZoRlnvL-ncFou4Bt31wMYJi3WZGXlg5jtRJgqzzj0NvnluKnsjjsmd2lz8vYp&amp;__tn__=-]K-R" target="_blank" rel="noopener"><span class="xt0psk2">Vuelta a España 2023</span></a>.</p>
</div>
</div>
<div class="x11i5rnm xat24cr x1mh8g0r x1vvkbs xtlvy1s x126k92a">
<div dir="auto"> Este mismo día se entregarán los 𝐏𝐫𝐞𝐦𝐢𝐨𝐬 𝐆𝐚𝐦𝐨𝐧𝐞́𝐮 𝐝𝐞 𝐎𝐫𝐨:</div>
<div dir="auto"><span class="x3nfvp2 x1j61x8r x1fcty0u xdj266r xhhsvwb xat24cr xgzva0m xxymvpz xlup9mm x1kky2od">   <img decoding="async" src="https://static.xx.fbcdn.net/images/emoji.php/v9/ted/1.5/16/1f947.png" alt="🥇" width="16" height="16" /></span> Don José Ignacio Bosh, director del <a class="x1i10hfl xjbqb8w x6umtig x1b1mbwd xaqea5y xav7gou x9f619 x1ypdohk xt0psk2 xe8uvvx xdj266r x11i5rnm xat24cr x1mh8g0r xexx8yu x4uap5 x18d9i69 xkhd6sd x16tdsg8 x1hl2dhg xggy1nq x1a2a7pz xt0b8zv x1qq9wsj xo1l8bm" tabindex="0" role="link" href="https://www.facebook.com/paradores?__cft__[0]=AZVeQQnA-KFTfmtc3j25lWtuDotW5gsbmCe_tgdhiHutS24sgFHHOU-XPnhk7wohDpUzdwJOAtR_81L3uQHs-6-YYAEZoRlnvL-ncFou4Bt31wMYJi3WZGXlg5jtRJgqzzj0NvnluKnsjjsmd2lz8vYp&amp;__tn__=-]K-R" target="_blank" rel="noopener"><span class="xt0psk2">Paradores</span></a> Cangas de Onís</div>
<div dir="auto">
<p><span class="x3nfvp2 x1j61x8r x1fcty0u xdj266r xhhsvwb xat24cr xgzva0m xxymvpz xlup9mm x1kky2od">   <img decoding="async" src="https://static.xx.fbcdn.net/images/emoji.php/v9/ted/1.5/16/1f947.png" alt="🥇" width="16" height="16" /></span> Doña Belarmina Alonso Alonso, Doña Alfonsina Alonso Alonso y Doña Maria Luisa Gonzalez Alonso vecinas de Gamonéu. Viudas de los hermanos Jose, Blas y Mario, queseros premiados en 2005 y Pastores de Belbin y la Huelga durante toda su vida.</p>
</div>
</div>
<div class="x11i5rnm xat24cr x1mh8g0r x1vvkbs xtlvy1s x126k92a">
<div dir="auto">
<p><span class="x3nfvp2 x1j61x8r x1fcty0u xdj266r xhhsvwb xat24cr xgzva0m xxymvpz xlup9mm x1kky2od"><img decoding="async" src="https://static.xx.fbcdn.net/images/emoji.php/v9/tb5/1.5/16/1f5d3.png" alt="🗓️" width="16" height="16" /></span>El 28 y el 29 también se celebrará el Concurso Nacional de Oveya Xalda que contará con cata de xaldu para todos los asistentes.<br />
<span class="x3nfvp2 x1j61x8r x1fcty0u xdj266r xhhsvwb xat24cr xgzva0m xxymvpz xlup9mm x1kky2od"><img decoding="async" src="https://static.xx.fbcdn.net/images/emoji.php/v9/t57/1.5/16/1f44f.png" alt="👏" width="16" height="16" />Este año se recuperará la subasta de los 𝐦𝐞𝐣𝐨𝐫𝐞𝐬 𝐐𝐮𝐞𝐬𝐨𝐬 𝐆𝐚𝐦𝐨𝐧𝐞́𝐮 𝐝𝐞𝐥 𝟐𝟎𝟐𝟑 donándose la recaudación a <a class="x1i10hfl xjbqb8w x6umtig x1b1mbwd xaqea5y xav7gou x9f619 x1ypdohk xt0psk2 xe8uvvx xdj266r x11i5rnm xat24cr x1mh8g0r xexx8yu x4uap5 x18d9i69 xkhd6sd x16tdsg8 x1hl2dhg xggy1nq x1a2a7pz xt0b8zv x1qq9wsj xo1l8bm" tabindex="0" role="link" href="https://www.facebook.com/profile.php?id=100076065699184&amp;__cft__[0]=AZVeQQnA-KFTfmtc3j25lWtuDotW5gsbmCe_tgdhiHutS24sgFHHOU-XPnhk7wohDpUzdwJOAtR_81L3uQHs-6-YYAEZoRlnvL-ncFou4Bt31wMYJi3WZGXlg5jtRJgqzzj0NvnluKnsjjsmd2lz8vYp&amp;__tn__=-]K-R" target="_blank" rel="noopener"><span class="xt0psk2">FAPOE</span></a> -Federación de Asociaciones de Personas Ostomizadas de España</span></p>
</div>
</div>
<div class="x11i5rnm xat24cr x1mh8g0r x1vvkbs xtlvy1s x126k92a">
<div dir="auto"><span class="x3nfvp2 x1j61x8r x1fcty0u xdj266r xhhsvwb xat24cr xgzva0m xxymvpz xlup9mm x1kky2od"><img decoding="async" src="https://static.xx.fbcdn.net/images/emoji.php/v9/t9e/1.5/16/1f6a8.png" alt="🚨" width="16" height="16" /></span>Otras citas importantes que no puedes perderte en Onís, son el próximo 19 de octubre con la Feria de Ganados y el 21 de octubre con el Concurso de Cabras de los Picos de Europa</div>
</div>
<div dir="auto"><a href="https://www.onisecoturismo.es/wp-content/uploads/2023/10/Programa-Certamen-Queso-Gamoneu-Onis-2023.jpg"><strong>DESCARGAR PROGRAMA (pdf)</strong></a><br />
<a href="https://www.onisecoturismo.es/wp-content/uploads/2023/10/Programa-Certamen-Queso-Gamoneu-Onis-2023.jpg"><strong>DESCARGAR PROGRAMA (jpg)</strong></a></div>

<p>SABADO 28; Estreno del documental &lsquo;JALLADIZU, un viaje a las últimas majadas de Onís y Concierto de FELPEYU<br />
DOMINGO 29; Concurso-Exposición de Quesos. pregón y entrega Premios Gamonéu 2023</p>
