{"id":344853,"date":"2023-07-21T15:03:59","date_gmt":"2023-07-21T13:03:59","guid":{"rendered":"https:\/\/www.onisecoturismo.es\/?post_type=tribe_events&#038;p=344853"},"modified":"2023-08-18T10:38:42","modified_gmt":"2023-08-18T08:38:42","slug":"concurso-sidra-caseru-onis-2023","status":"publish","type":"tribe_events","link":"https:\/\/www.onisecoturismo.es\/fr\/agenda\/concurso-sidra-caseru-onis-2023\/","title":{"rendered":"4\u00ba Concurso Sidra Casera On\u00eds"},"content":{"rendered":"<p>\u00a1SIDRA Y TORTILLA ASGAYA!. Un a\u00f1o m\u00e1s el Concejo de On\u00eds organiza su CONCURSO DE SIDRA CASERU. Este a\u00f1o coincidiendo adem\u00e1s con su CONCURSO DE TORTILLA DE PATATA<\/p>\n<p class=\"\"><strong>Domingo 27 agosto 202312.00 h &#8211; Benia de On\u00eds<br \/>\n<\/strong>12.00h: Prueba popular de sidra cedida por los lagares participantes (y de Tortillas)<br \/>\n<span class=\"WdYUQQ text-decoration-none text-strikethrough-none\">13.00h Entrega premios ganadores<\/span><\/p>\n<p><strong>El d\u00eda anterior, s\u00e1bado 26 agosto 19.00h semifinales en la plaza del Ayuntamiento <\/strong><\/p>\n<p><strong>BASES CONCURSU SIDRA<\/strong>:<\/p>\n<ul>\n<li>Participaci\u00f3n abierta a cualquier productor de sidra casera de Asturias<\/li>\n<li>Cada participante deber\u00e1 entregar caja y media de sidra a lo largo de los d\u00edas 21, 22 y 23 de agosto en Sirviella (<a href=\"https:\/\/www.google.com\/maps\/place\/La+Ruta+de+Pep%C3%ADn,+Sirviella,+8,+33556+Benia+de+On%C3%ADs,+Asturias\/data=!4m2!3m1!1s0xd49de7c053369a3:0xdb5b6852a3670ad3?utm_source=mstt_1&amp;entry=gps&amp;lucs=47068615&amp;g_ep=CAESCTExLjg3LjMwMxgAINeCAyoINDcwNjg2MTVCAkVT\" target=\"_blank\" rel=\"noopener\">Ruta de Pep\u00edn<\/a>), en horario de 19 a 21h. Tf. Pep\u00edn 608 784 763. Indicando nombre, apellido, pueblo, concejo y tel\u00e9fono. En ning\u00fan caso se admitir\u00e1n sidras fuero del plazo de entrega.<\/li>\n<li>La sidra estar\u00e1 en botella verde tradicional, sin etiquetas y los corchos sin ninguna identificaci\u00f3n personalizada.<\/li>\n<li>Los 3 mejores clasificados del Concejo de On\u00eds optan a participar en la final regional de sidra caseru.<\/li>\n<\/ul>\n<p><em>FOTOS EDICI\u00d3N 2022<br \/>\n<\/em><img decoding=\"async\" class=\"alignnone size-medium wp-image-344880\" src=\"https:\/\/www.onisecoturismo.es\/wp-content\/uploads\/2023\/07\/Publico-concurso-sidra-300x200.jpg\" alt=\"\" width=\"300\" height=\"200\"> <img decoding=\"async\" class=\"alignnone wp-image-344882\" src=\"https:\/\/www.onisecoturismo.es\/wp-content\/uploads\/2023\/07\/WhatsApp-Image-2023-03-27-at-17.43.05-200x300.jpeg\" alt=\"\" width=\"134\" height=\"201\"> <img decoding=\"async\" class=\"alignnone size-medium wp-image-344884\" src=\"https:\/\/www.onisecoturismo.es\/wp-content\/uploads\/2023\/07\/2-escanciadores-300x200.jpg\" alt=\"\" width=\"300\" height=\"200\"> <img decoding=\"async\" class=\"alignnone wp-image-344886\" src=\"https:\/\/www.onisecoturismo.es\/wp-content\/uploads\/2023\/07\/Jurado-I-concurso-sidra-300x225.jpg\" alt=\"\" width=\"267\" height=\"200\"><\/p>\n","protected":false},"excerpt":{"rendered":"<p>* Participaci\u00f3n abierta a cualquier productos de sidra casera.<br \/>\n* Entrega de cajas de sidra los d\u00edas 21, 22 y 23 en Sirviella (Ruta de Pep\u00edn).<br \/>\n* Degustaci\u00f3n popular el domingo 27 a las 12.00h<\/p>\n","protected":false},"author":2,"featured_media":344874,"template":"","meta":{"_acf_changed":false,"_et_pb_use_builder":"","_et_pb_old_content":"","_et_gb_content_width":"","_tribe_events_status":"","_tribe_events_status_reason":"","footnotes":""},"tags":[],"tribe_events_cat":[144,67,32],"class_list":["post-344853","tribe_events","type-tribe_events","status-publish","has-post-thumbnail","hentry","tribe_events_cat-concurso","tribe_events_cat-fiestas","tribe_events_cat-sidra","cat_concurso","cat_fiestas","cat_sidra"],"acf":[],"_links":{"self":[{"href":"https:\/\/www.onisecoturismo.es\/fr\/wp-json\/wp\/v2\/tribe_events\/344853","targetHints":{"allow":["GET"]}}],"collection":[{"href":"https:\/\/www.onisecoturismo.es\/fr\/wp-json\/wp\/v2\/tribe_events"}],"about":[{"href":"https:\/\/www.onisecoturismo.es\/fr\/wp-json\/wp\/v2\/types\/tribe_events"}],"author":[{"embeddable":true,"href":"https:\/\/www.onisecoturismo.es\/fr\/wp-json\/wp\/v2\/users\/2"}],"version-history":[{"count":0,"href":"https:\/\/www.onisecoturismo.es\/fr\/wp-json\/wp\/v2\/tribe_events\/344853\/revisions"}],"wp:featuredmedia":[{"embeddable":true,"href":"https:\/\/www.onisecoturismo.es\/fr\/wp-json\/wp\/v2\/media\/344874"}],"wp:attachment":[{"href":"https:\/\/www.onisecoturismo.es\/fr\/wp-json\/wp\/v2\/media?parent=344853"}],"wp:term":[{"taxonomy":"post_tag","embeddable":true,"href":"https:\/\/www.onisecoturismo.es\/fr\/wp-json\/wp\/v2\/tags?post=344853"},{"taxonomy":"tribe_events_cat","embeddable":true,"href":"https:\/\/www.onisecoturismo.es\/fr\/wp-json\/wp\/v2\/tribe_events_cat?post=344853"}],"curies":[{"name":"wp","href":"https:\/\/api.w.org\/{rel}","templated":true}]}}

4º Concurso Sidra Casera Onís

<p>¡SIDRA Y TORTILLA ASGAYA!. Un año más el Concejo de Onís organiza su CONCURSO DE SIDRA CASERU. Este año coincidiendo además con su CONCURSO DE TORTILLA DE PATATA</p>
<p class=""><strong>Domingo 27 agosto 202312.00 h &#8211; Benia de Onís<br />
</strong>12.00h: Prueba popular de sidra cedida por los lagares participantes (y de Tortillas)<br />
<span class="WdYUQQ text-decoration-none text-strikethrough-none">13.00h Entrega premios ganadores</span></p>
<p><strong>El día anterior, sábado 26 agosto 19.00h semifinales en la plaza del Ayuntamiento </strong></p>
<p><strong>BASES CONCURSU SIDRA</strong>:</p>
<ul>
<li>Participación abierta a cualquier productor de sidra casera de Asturias</li>
<li>Cada participante deberá entregar caja y media de sidra a lo largo de los días 21, 22 y 23 de agosto en Sirviella (<a href="https://www.google.com/maps/place/La+Ruta+de+Pep%C3%ADn,+Sirviella,+8,+33556+Benia+de+On%C3%ADs,+Asturias/data=!4m2!3m1!1s0xd49de7c053369a3:0xdb5b6852a3670ad3?utm_source=mstt_1&amp;entry=gps&amp;lucs=47068615&amp;g_ep=CAESCTExLjg3LjMwMxgAINeCAyoINDcwNjg2MTVCAkVT" target="_blank" rel="noopener">Ruta de Pepín</a>), en horario de 19 a 21h. Tf. Pepín 608 784 763. Indicando nombre, apellido, pueblo, concejo y teléfono. En ningún caso se admitirán sidras fuero del plazo de entrega.</li>
<li>La sidra estará en botella verde tradicional, sin etiquetas y los corchos sin ninguna identificación personalizada.</li>
<li>Los 3 mejores clasificados del Concejo de Onís optan a participar en la final regional de sidra caseru.</li>
</ul>
<p><em>FOTOS EDICIÓN 2022<br />
</em><img decoding="async" class="alignnone size-medium wp-image-344880" src="https://www.onisecoturismo.es/wp-content/uploads/2023/07/Publico-concurso-sidra-300x200.jpg" alt="" width="300" height="200"> <img decoding="async" class="alignnone wp-image-344882" src="https://www.onisecoturismo.es/wp-content/uploads/2023/07/WhatsApp-Image-2023-03-27-at-17.43.05-200x300.jpeg" alt="" width="134" height="201"> <img decoding="async" class="alignnone size-medium wp-image-344884" src="https://www.onisecoturismo.es/wp-content/uploads/2023/07/2-escanciadores-300x200.jpg" alt="" width="300" height="200"> <img decoding="async" class="alignnone wp-image-344886" src="https://www.onisecoturismo.es/wp-content/uploads/2023/07/Jurado-I-concurso-sidra-300x225.jpg" alt="" width="267" height="200"></p>

<p>* Participación abierta a cualquier productos de sidra casera.<br />
* Entrega de cajas de sidra los días 21, 22 y 23 en Sirviella (Ruta de Pepín).<br />
* Degustación popular el domingo 27 a las 12.00h</p>
