{"id":344067,"date":"2023-02-06T11:08:52","date_gmt":"2023-02-06T11:08:52","guid":{"rendered":"https:\/\/www.onisecoturismo.es\/?post_type=tribe_events&#038;p=344067"},"modified":"2023-02-22T22:27:48","modified_gmt":"2023-02-22T22:27:48","slug":"5a-carrera-galban-2023","status":"publish","type":"tribe_events","link":"https:\/\/www.onisecoturismo.es\/fr\/agenda\/5a-carrera-galban-2023\/","title":{"rendered":"5\u00aa Carrera Galb\u00e1n 2023"},"content":{"rendered":"<div class=\"x11i5rnm xat24cr x1mh8g0r x1vvkbs xtlvy1s x126k92a\">\n<div dir=\"auto\">Nos vamos acercando a la fecha de la carrera, que os recordamos que ser\u00e1 el s\u00e1bado 12 de febrero con salida a las 12 de la ma\u00f1ana de la plaza de Benia de On\u00eds.<\/div>\n<\/div>\n<div class=\"x11i5rnm xat24cr x1mh8g0r x1vvkbs xtlvy1s x126k92a\">\n<div dir=\"auto\">Y hoy os hacemos 2 llamamientos:<\/div>\n<\/div>\n<div class=\"x11i5rnm xat24cr x1mh8g0r x1vvkbs xtlvy1s x126k92a\">\n<div dir=\"auto\">1. <strong>NECESITAMOS VOLUNTARIOS:<\/strong> para estar en determinados puntos del recorrido de la carrera y para apoyo log\u00edstico ese d\u00eda en el stand, si quieres colaborar como voluntario ponte en contacto con la coordinaci\u00f3n de la carrera en On\u00eds 638 566 753 (Carmen) o p\u00e1sate por el Centro Municipal de Benia.<\/div>\n<\/div>\n<div class=\"x11i5rnm xat24cr x1mh8g0r x1vvkbs xtlvy1s x126k92a\">\n<div dir=\"auto\">2.<strong> NO DEJ\u00c9IS LAS INSCRIPCIONES PARA EL \u00daLTIMO D\u00cdA<\/strong>: no tenemos fecha de cierre todav\u00eda para las inscripciones pero si ya sab\u00e9is que quer\u00e9is participar o colaborar, cuanto antes lo hag\u00e1is mejor, porque ayud\u00e1is a todas esas personas que est\u00e1n detr\u00e1s con la log\u00edstica sobre todo de las camisetas, as\u00ed que os recordamos que pod\u00e9is hacerlo de 2 formas:<\/div>\n<\/div>\n<div class=\"x11i5rnm xat24cr x1mh8g0r x1vvkbs xtlvy1s x126k92a\">\n<ul>\n<li dir=\"auto\">Online: <a class=\"x1i10hfl xjbqb8w x6umtig x1b1mbwd xaqea5y xav7gou x9f619 x1ypdohk xt0psk2 xe8uvvx xdj266r x11i5rnm xat24cr x1mh8g0r xexx8yu x4uap5 x18d9i69 xkhd6sd x16tdsg8 x1hl2dhg xggy1nq x1a2a7pz xt0b8zv x1fey0fg\" tabindex=\"0\" role=\"link\" href=\"https:\/\/www.asociaciongalban.org\/producto\/carrera-solidaria-2023\/?fbclid=IwAR17_qUZgSV6dlvFb1DifXIAqiIufWweMB0FEbbjeiJ8nYBdZiq1DFqjPOY\" target=\"_blank\" rel=\"nofollow noopener\">https:\/\/www.asociaciongalban.org\/&#8230;\/carrera-solidaria-2023\/<\/a><\/li>\n<li dir=\"auto\">Presencial: en el CDTL de On\u00eds, los datos que hacen falta son nombre y apellidos, DNI, fecha de nacimiento y talla de la camiseta y traer los 5\u20ac de donativo de la inscripci\u00f3n.<\/li>\n<\/ul>\n<\/div>\n<div class=\"x11i5rnm xat24cr x1mh8g0r x1vvkbs xtlvy1s x126k92a\">\n<div dir=\"auto\">Ya somos m\u00e1s de 7100 inscritos en toda Asturias, aunque no vayas a hacer el recorrido puedes hacer igualmente tu aportaci\u00f3n y si por un despiste llega el d\u00eda de la carrera y no te has inscrito tambi\u00e9n podr\u00e1s participar aunque en ese caso lo m\u00e1s seguro es que te quedes sin t\u00fa camiseta, as\u00ed que no esperes e INSCR\u00cdBETE YA!!!!!<\/div>\n<\/div>\n","protected":false},"excerpt":{"rendered":"<p>\u00a1Corre contra el c\u00e1ncer infantil! es este s\u00e1bado 12 de febrero con salida a las 12.00 de la ma\u00f1ana de la plaza de Benia de On\u00eds. Inscripciones online o en el CDTL de On\u00eds<\/p>\n","protected":false},"author":2,"featured_media":344068,"template":"","meta":{"_acf_changed":false,"_et_pb_use_builder":"","_et_pb_old_content":"","_et_gb_content_width":"","_tribe_events_status":"","_tribe_events_status_reason":"","footnotes":""},"tags":[122,123,38,120,121,36,119],"tribe_events_cat":[30],"class_list":["post-344067","tribe_events","type-tribe_events","status-publish","has-post-thumbnail","hentry","tag-122","tag-camisetas","tag-carrera","tag-galban","tag-galvan","tag-onis","tag-solidaria","tribe_events_cat-carreras","cat_carreras"],"acf":[],"_links":{"self":[{"href":"https:\/\/www.onisecoturismo.es\/fr\/wp-json\/wp\/v2\/tribe_events\/344067","targetHints":{"allow":["GET"]}}],"collection":[{"href":"https:\/\/www.onisecoturismo.es\/fr\/wp-json\/wp\/v2\/tribe_events"}],"about":[{"href":"https:\/\/www.onisecoturismo.es\/fr\/wp-json\/wp\/v2\/types\/tribe_events"}],"author":[{"embeddable":true,"href":"https:\/\/www.onisecoturismo.es\/fr\/wp-json\/wp\/v2\/users\/2"}],"version-history":[{"count":0,"href":"https:\/\/www.onisecoturismo.es\/fr\/wp-json\/wp\/v2\/tribe_events\/344067\/revisions"}],"wp:featuredmedia":[{"embeddable":true,"href":"https:\/\/www.onisecoturismo.es\/fr\/wp-json\/wp\/v2\/media\/344068"}],"wp:attachment":[{"href":"https:\/\/www.onisecoturismo.es\/fr\/wp-json\/wp\/v2\/media?parent=344067"}],"wp:term":[{"taxonomy":"post_tag","embeddable":true,"href":"https:\/\/www.onisecoturismo.es\/fr\/wp-json\/wp\/v2\/tags?post=344067"},{"taxonomy":"tribe_events_cat","embeddable":true,"href":"https:\/\/www.onisecoturismo.es\/fr\/wp-json\/wp\/v2\/tribe_events_cat?post=344067"}],"curies":[{"name":"wp","href":"https:\/\/api.w.org\/{rel}","templated":true}]}}

5ª Carrera Galbán 2023

<div class="x11i5rnm xat24cr x1mh8g0r x1vvkbs xtlvy1s x126k92a">
<div dir="auto">Nos vamos acercando a la fecha de la carrera, que os recordamos que será el sábado 12 de febrero con salida a las 12 de la mañana de la plaza de Benia de Onís.</div>
</div>
<div class="x11i5rnm xat24cr x1mh8g0r x1vvkbs xtlvy1s x126k92a">
<div dir="auto">Y hoy os hacemos 2 llamamientos:</div>
</div>
<div class="x11i5rnm xat24cr x1mh8g0r x1vvkbs xtlvy1s x126k92a">
<div dir="auto">1. <strong>NECESITAMOS VOLUNTARIOS:</strong> para estar en determinados puntos del recorrido de la carrera y para apoyo logístico ese día en el stand, si quieres colaborar como voluntario ponte en contacto con la coordinación de la carrera en Onís 638 566 753 (Carmen) o pásate por el Centro Municipal de Benia.</div>
</div>
<div class="x11i5rnm xat24cr x1mh8g0r x1vvkbs xtlvy1s x126k92a">
<div dir="auto">2.<strong> NO DEJÉIS LAS INSCRIPCIONES PARA EL ÚLTIMO DÍA</strong>: no tenemos fecha de cierre todavía para las inscripciones pero si ya sabéis que queréis participar o colaborar, cuanto antes lo hagáis mejor, porque ayudáis a todas esas personas que están detrás con la logística sobre todo de las camisetas, así que os recordamos que podéis hacerlo de 2 formas:</div>
</div>
<div class="x11i5rnm xat24cr x1mh8g0r x1vvkbs xtlvy1s x126k92a">
<ul>
<li dir="auto">Online: <a class="x1i10hfl xjbqb8w x6umtig x1b1mbwd xaqea5y xav7gou x9f619 x1ypdohk xt0psk2 xe8uvvx xdj266r x11i5rnm xat24cr x1mh8g0r xexx8yu x4uap5 x18d9i69 xkhd6sd x16tdsg8 x1hl2dhg xggy1nq x1a2a7pz xt0b8zv x1fey0fg" tabindex="0" role="link" href="https://www.asociaciongalban.org/producto/carrera-solidaria-2023/?fbclid=IwAR17_qUZgSV6dlvFb1DifXIAqiIufWweMB0FEbbjeiJ8nYBdZiq1DFqjPOY" target="_blank" rel="nofollow noopener">https://www.asociaciongalban.org/&#8230;/carrera-solidaria-2023/</a></li>
<li dir="auto">Presencial: en el CDTL de Onís, los datos que hacen falta son nombre y apellidos, DNI, fecha de nacimiento y talla de la camiseta y traer los 5€ de donativo de la inscripción.</li>
</ul>
</div>
<div class="x11i5rnm xat24cr x1mh8g0r x1vvkbs xtlvy1s x126k92a">
<div dir="auto">Ya somos más de 7100 inscritos en toda Asturias, aunque no vayas a hacer el recorrido puedes hacer igualmente tu aportación y si por un despiste llega el día de la carrera y no te has inscrito también podrás participar aunque en ese caso lo más seguro es que te quedes sin tú camiseta, así que no esperes e INSCRÍBETE YA!!!!!</div>
</div>

<p>¡Corre contra el cáncer infantil! es este sábado 12 de febrero con salida a las 12.00 de la mañana de la plaza de Benia de Onís. Inscripciones online o en el CDTL de Onís</p>
