{"id":342558,"date":"2022-08-11T07:48:23","date_gmt":"2022-08-11T07:48:23","guid":{"rendered":"https:\/\/www.onisecoturismo.es\/?post_type=tribe_events&#038;p=342558"},"modified":"2023-02-22T22:26:27","modified_gmt":"2023-02-22T22:26:27","slug":"entrega-premios-iv-edicion-concurso-de-poesia-memorial-francisco-de-la-vega","status":"publish","type":"tribe_events","link":"https:\/\/www.onisecoturismo.es\/fr\/agenda\/entrega-premios-iv-edicion-concurso-de-poesia-memorial-francisco-de-la-vega\/","title":{"rendered":"Entrega Premios IV Edici\u00f3n Concurso de Poes\u00eda &lsquo;Memorial Francisco de la Vega\u00a0\u00bb"},"content":{"rendered":"<p>Con la participaci\u00f3n de Maria Esther Garc\u00eda L\u00f3pez, poeta y presidenta de la Asociaci\u00f3n de Escritores Asturianos.<\/p>\n<p>LUGAR: Salon de Actos del Centro Pollivalente Tullidi en Benia de On\u00eds<\/p>\n","protected":false},"excerpt":{"rendered":"<p>Viernes 12 de agosto 2022- Centro Polivalente Tullidi (Benia de On\u00eds). Con la participaci\u00f3n de Maria Esther Garc\u00eda L\u00f3pez, poeta y presidenta de la Asociaci\u00f3n de Escritores Asturianos<\/p>\n","protected":false},"author":2,"featured_media":342559,"template":"","meta":{"_acf_changed":false,"_et_pb_use_builder":"","_et_pb_old_content":"","_et_gb_content_width":"","_tribe_events_status":"","_tribe_events_status_reason":"","footnotes":""},"tags":[],"tribe_events_cat":[],"class_list":["post-342558","tribe_events","type-tribe_events","status-publish","has-post-thumbnail","hentry"],"acf":[],"_links":{"self":[{"href":"https:\/\/www.onisecoturismo.es\/fr\/wp-json\/wp\/v2\/tribe_events\/342558","targetHints":{"allow":["GET"]}}],"collection":[{"href":"https:\/\/www.onisecoturismo.es\/fr\/wp-json\/wp\/v2\/tribe_events"}],"about":[{"href":"https:\/\/www.onisecoturismo.es\/fr\/wp-json\/wp\/v2\/types\/tribe_events"}],"author":[{"embeddable":true,"href":"https:\/\/www.onisecoturismo.es\/fr\/wp-json\/wp\/v2\/users\/2"}],"version-history":[{"count":0,"href":"https:\/\/www.onisecoturismo.es\/fr\/wp-json\/wp\/v2\/tribe_events\/342558\/revisions"}],"wp:featuredmedia":[{"embeddable":true,"href":"https:\/\/www.onisecoturismo.es\/fr\/wp-json\/wp\/v2\/media\/342559"}],"wp:attachment":[{"href":"https:\/\/www.onisecoturismo.es\/fr\/wp-json\/wp\/v2\/media?parent=342558"}],"wp:term":[{"taxonomy":"post_tag","embeddable":true,"href":"https:\/\/www.onisecoturismo.es\/fr\/wp-json\/wp\/v2\/tags?post=342558"},{"taxonomy":"tribe_events_cat","embeddable":true,"href":"https:\/\/www.onisecoturismo.es\/fr\/wp-json\/wp\/v2\/tribe_events_cat?post=342558"}],"curies":[{"name":"wp","href":"https:\/\/api.w.org\/{rel}","templated":true}]}}

Entrega Premios IV Edición Concurso de Poesía &lsquo;Memorial Francisco de la Vega »

<p>Con la participación de Maria Esther García López, poeta y presidenta de la Asociación de Escritores Asturianos.</p>
<p>LUGAR: Salon de Actos del Centro Pollivalente Tullidi en Benia de Onís</p>

<p>Viernes 12 de agosto 2022- Centro Polivalente Tullidi (Benia de Onís). Con la participación de Maria Esther García López, poeta y presidenta de la Asociación de Escritores Asturianos</p>
