{"id":342523,"date":"2022-08-08T13:16:11","date_gmt":"2022-08-08T13:16:11","guid":{"rendered":"https:\/\/www.onisecoturismo.es\/?post_type=tribe_events&#038;p=342523"},"modified":"2022-08-08T13:24:49","modified_gmt":"2022-08-08T13:24:49","slug":"fiestas-nuestra-senora-de-castru-2022","status":"publish","type":"tribe_events","link":"https:\/\/www.onisecoturismo.es\/fr\/agenda\/fiestas-nuestra-senora-de-castru-2022\/","title":{"rendered":"Fiestas Nuestra Se\u00f1ora de Castru 2022"},"content":{"rendered":"<h4><strong>DOMINGO 14 DE AGOSTO 2022 -V\u00cdSPERA<\/strong><\/h4>\n<p><strong>18.00 h. JUEGOS INFANTILES<\/strong> en la plaza del Ayuntamiento<br \/>\n<strong>19.00 h. PARTIDO DE F\u00daTBOL<\/strong> \u00ab\u00a0Ntra. Sra. de Castru\u00a0\u00bb entre las \u00ab\u00a0viejas glorias\u00a0\u00bb y las \u00ab\u00a0j\u00f3venes promesas\u00a0\u00bb. Pista polideportiva de La Vega<br \/>\n<strong>23.00 h. DISCOTECA M\u00d3VIL<\/strong>. DJ Carlos en la Plaza del Ayuntamiento<\/p>\n<h4><strong>LUNES 15 DE AGOSTO 2022 &#8211; D\u00cdA GRANDE<\/strong><\/h4>\n<p><strong>10.00 h. PASACALLES<\/strong> Banda de Gaitas de On\u00eds<br \/>\n<strong>11.00 h. MISA SOLEMNE <\/strong>en la iglesia parroquial en honor a Ntra.Sra. de Castru, cantada por el\u00a0<strong>CORO PE\u00d1ASANTA<\/strong><br \/>\n<strong>12.00 h. PROCESI\u00d3N DE RETORNO<\/strong> de la Virgen a su capilla, acompa\u00f1ada por aldeanas y porruanos y la banda de gaitas<br \/>\n<strong>13.00 h. MISA SOLMENE<\/strong> en la Capilla de Castru, acompa\u00f1ada de gaita y tambor y OFRECIMIENTO DE LOS RAMOS<br \/>\n<strong>14.30 h. SESI\u00d3N VERM\u00da<\/strong> con la actuaci\u00f3n de <strong>BANDA DE GAITAS DE ON\u00cdS<\/strong><br \/>\n<strong>18.30 h. BAILES REGIONALES<\/strong> a cargo de los ni\u00f1os y j\u00f3venes del pueblo y a continuaci\u00f3n SUBASTA DE LOS RAMOS<br \/>\n<strong>20.00 h. EXHIBICI\u00d3N DE BAILE<\/strong> a cargo de<strong> \u00ab\u00a0ESENCIA LATINA\u00a0\u00bb<\/strong><br \/>\n<strong>22.30 GRAN VERBENA<\/strong> con los grupos<br \/>\n<strong>\u00a0 \u00a0 \u00a0 \u00a0 \u00a0 ESTRELLA DEL NORTE Y MILLENIUM<\/strong><\/p>\n","protected":false},"excerpt":{"rendered":"<p>Un a\u00f1o m\u00e1s se celebra la Fiesta de Castru en Benia de On\u00eds. Juegos infantiles, discoteca movil, pasacalles, misa solemne, procesi\u00f3n, bailes regionales, banda de gaitas y verbena<\/p>\n","protected":false},"author":2,"featured_media":342524,"template":"","meta":{"_acf_changed":false,"_et_pb_use_builder":"","_et_pb_old_content":"","_et_gb_content_width":"","_tribe_events_status":"","_tribe_events_status_reason":"","footnotes":""},"tags":[],"tribe_events_cat":[],"class_list":["post-342523","tribe_events","type-tribe_events","status-publish","has-post-thumbnail","hentry"],"acf":[],"_links":{"self":[{"href":"https:\/\/www.onisecoturismo.es\/fr\/wp-json\/wp\/v2\/tribe_events\/342523","targetHints":{"allow":["GET"]}}],"collection":[{"href":"https:\/\/www.onisecoturismo.es\/fr\/wp-json\/wp\/v2\/tribe_events"}],"about":[{"href":"https:\/\/www.onisecoturismo.es\/fr\/wp-json\/wp\/v2\/types\/tribe_events"}],"author":[{"embeddable":true,"href":"https:\/\/www.onisecoturismo.es\/fr\/wp-json\/wp\/v2\/users\/2"}],"version-history":[{"count":0,"href":"https:\/\/www.onisecoturismo.es\/fr\/wp-json\/wp\/v2\/tribe_events\/342523\/revisions"}],"wp:featuredmedia":[{"embeddable":true,"href":"https:\/\/www.onisecoturismo.es\/fr\/wp-json\/wp\/v2\/media\/342524"}],"wp:attachment":[{"href":"https:\/\/www.onisecoturismo.es\/fr\/wp-json\/wp\/v2\/media?parent=342523"}],"wp:term":[{"taxonomy":"post_tag","embeddable":true,"href":"https:\/\/www.onisecoturismo.es\/fr\/wp-json\/wp\/v2\/tags?post=342523"},{"taxonomy":"tribe_events_cat","embeddable":true,"href":"https:\/\/www.onisecoturismo.es\/fr\/wp-json\/wp\/v2\/tribe_events_cat?post=342523"}],"curies":[{"name":"wp","href":"https:\/\/api.w.org\/{rel}","templated":true}]}}

Fiestas Nuestra Señora de Castru 2022

<h4><strong>DOMINGO 14 DE AGOSTO 2022 -VÍSPERA</strong></h4>
<p><strong>18.00 h. JUEGOS INFANTILES</strong> en la plaza del Ayuntamiento<br />
<strong>19.00 h. PARTIDO DE FÚTBOL</strong> « Ntra. Sra. de Castru » entre las « viejas glorias » y las « jóvenes promesas ». Pista polideportiva de La Vega<br />
<strong>23.00 h. DISCOTECA MÓVIL</strong>. DJ Carlos en la Plaza del Ayuntamiento</p>
<h4><strong>LUNES 15 DE AGOSTO 2022 &#8211; DÍA GRANDE</strong></h4>
<p><strong>10.00 h. PASACALLES</strong> Banda de Gaitas de Onís<br />
<strong>11.00 h. MISA SOLEMNE </strong>en la iglesia parroquial en honor a Ntra.Sra. de Castru, cantada por el <strong>CORO PEÑASANTA</strong><br />
<strong>12.00 h. PROCESIÓN DE RETORNO</strong> de la Virgen a su capilla, acompañada por aldeanas y porruanos y la banda de gaitas<br />
<strong>13.00 h. MISA SOLMENE</strong> en la Capilla de Castru, acompañada de gaita y tambor y OFRECIMIENTO DE LOS RAMOS<br />
<strong>14.30 h. SESIÓN VERMÚ</strong> con la actuación de <strong>BANDA DE GAITAS DE ONÍS</strong><br />
<strong>18.30 h. BAILES REGIONALES</strong> a cargo de los niños y jóvenes del pueblo y a continuación SUBASTA DE LOS RAMOS<br />
<strong>20.00 h. EXHIBICIÓN DE BAILE</strong> a cargo de<strong> « ESENCIA LATINA »</strong><br />
<strong>22.30 GRAN VERBENA</strong> con los grupos<br />
<strong>          ESTRELLA DEL NORTE Y MILLENIUM</strong></p>

<p>Un año más se celebra la Fiesta de Castru en Benia de Onís. Juegos infantiles, discoteca movil, pasacalles, misa solemne, procesión, bailes regionales, banda de gaitas y verbena</p>
