{"id":342104,"date":"2022-07-11T10:58:49","date_gmt":"2022-07-11T10:58:49","guid":{"rendered":"https:\/\/www.onisecoturismo.es\/?post_type=tribe_events&#038;p=342104"},"modified":"2022-07-11T10:58:49","modified_gmt":"2022-07-11T10:58:49","slug":"xx-aniversario-asociacion-mayores-onis-el-guena-2022","status":"publish","type":"tribe_events","link":"https:\/\/www.onisecoturismo.es\/fr\/agenda\/xx-aniversario-asociacion-mayores-onis-el-guena-2022\/","title":{"rendered":"XX Aniversario Asociaci\u00f3n Mayores de On\u00eds \u00ab\u00a0El G\u00fce\u00f1a\u00a0\u00bb"},"content":{"rendered":"<p><strong>LUGAR<\/strong> : Finca Villa Mar\u00eda (Cangas de On\u00eds)<br \/>\n<strong>CUOTA:<\/strong> 30\u20ac Socios\/as<br \/>\n<strong>TRANSPORTE:<\/strong> Financiado por el Ayuntamiento de On\u00eds (<strong>11.00h Salida<\/strong> del Cruce de la Robellada \/\u00a0 <strong>21.00h Regreso)<br \/>\nINFORMACI\u00d3N E INSCRIPCIONES: <\/strong>En la Asociaci\u00f3n de Mayores de On\u00eds \u00ab\u00a0El G\u00fce\u00f1a\u00a0\u00bb, hasta el 1 de Julio. Horario de Atenci\u00f3n al P\u00fablico: martes de 11.00 a 12.30h. Telefono: 628 40 36 93\/ 636 12 13 75<\/p>\n<p><strong>PROGRAMA<\/strong>:<br \/>\n12.30h &#8211; Recepci\u00f3n de asistentes<br \/>\n13.00h &#8211; Acto de presentaci\u00f3n<br \/>\n13.15h &#8211; Homenaje a los mayores (D\u00f1a. Pilar Iglesias Suero, D\u00f1a. Socorro del Cueto Su\u00e1rez y D. Francisco Fern\u00e1ndez Amieva)<br \/>\n14.30h &#8211; Comida<br \/>\n16.30h &#8211; Sorteo de regalos<br \/>\n17.00h &#8211; Baile amenizado por Aquilino y su acorde\u00f3n<br \/>\n21.00h &#8211; Fin de Fiesta<\/p>\n","protected":false},"excerpt":{"rendered":"<p>LUGAR : Finca Villa Mar\u00eda (Cangas de On\u00eds) CUOTA: 30\u20ac Socios\/as TRANSPORTE: Financiado por el Ayuntamiento de On\u00eds (11.00h Salida del Cruce de la Robellada \/\u00a0 21.00h Regreso) INFORMACI\u00d3N E [&hellip;]<\/p>\n","protected":false},"author":2,"featured_media":342109,"template":"","meta":{"_acf_changed":false,"_et_pb_use_builder":"","_et_pb_old_content":"","_et_gb_content_width":"","_tribe_events_status":"","_tribe_events_status_reason":"","footnotes":""},"tags":[60,57,58,36,59],"tribe_events_cat":[26],"class_list":["post-342104","tribe_events","type-tribe_events","status-publish","has-post-thumbnail","hentry","tag-aniversario","tag-asociacion-de-mayores","tag-guena","tag-onis","tag-villa-maria","tribe_events_cat-general","cat_general"],"acf":[],"_links":{"self":[{"href":"https:\/\/www.onisecoturismo.es\/fr\/wp-json\/wp\/v2\/tribe_events\/342104","targetHints":{"allow":["GET"]}}],"collection":[{"href":"https:\/\/www.onisecoturismo.es\/fr\/wp-json\/wp\/v2\/tribe_events"}],"about":[{"href":"https:\/\/www.onisecoturismo.es\/fr\/wp-json\/wp\/v2\/types\/tribe_events"}],"author":[{"embeddable":true,"href":"https:\/\/www.onisecoturismo.es\/fr\/wp-json\/wp\/v2\/users\/2"}],"version-history":[{"count":0,"href":"https:\/\/www.onisecoturismo.es\/fr\/wp-json\/wp\/v2\/tribe_events\/342104\/revisions"}],"wp:featuredmedia":[{"embeddable":true,"href":"https:\/\/www.onisecoturismo.es\/fr\/wp-json\/wp\/v2\/media\/342109"}],"wp:attachment":[{"href":"https:\/\/www.onisecoturismo.es\/fr\/wp-json\/wp\/v2\/media?parent=342104"}],"wp:term":[{"taxonomy":"post_tag","embeddable":true,"href":"https:\/\/www.onisecoturismo.es\/fr\/wp-json\/wp\/v2\/tags?post=342104"},{"taxonomy":"tribe_events_cat","embeddable":true,"href":"https:\/\/www.onisecoturismo.es\/fr\/wp-json\/wp\/v2\/tribe_events_cat?post=342104"}],"curies":[{"name":"wp","href":"https:\/\/api.w.org\/{rel}","templated":true}]}}

XX Aniversario Asociación Mayores de Onís « El Güeña »

<p><strong>LUGAR</strong> : Finca Villa María (Cangas de Onís)<br />
<strong>CUOTA:</strong> 30€ Socios/as<br />
<strong>TRANSPORTE:</strong> Financiado por el Ayuntamiento de Onís (<strong>11.00h Salida</strong> del Cruce de la Robellada /  <strong>21.00h Regreso)<br />
INFORMACIÓN E INSCRIPCIONES: </strong>En la Asociación de Mayores de Onís « El Güeña », hasta el 1 de Julio. Horario de Atención al Público: martes de 11.00 a 12.30h. Telefono: 628 40 36 93/ 636 12 13 75</p>
<p><strong>PROGRAMA</strong>:<br />
12.30h &#8211; Recepción de asistentes<br />
13.00h &#8211; Acto de presentación<br />
13.15h &#8211; Homenaje a los mayores (Dña. Pilar Iglesias Suero, Dña. Socorro del Cueto Suárez y D. Francisco Fernández Amieva)<br />
14.30h &#8211; Comida<br />
16.30h &#8211; Sorteo de regalos<br />
17.00h &#8211; Baile amenizado por Aquilino y su acordeón<br />
21.00h &#8211; Fin de Fiesta</p>

<p>LUGAR : Finca Villa María (Cangas de Onís) CUOTA: 30€ Socios/as TRANSPORTE: Financiado por el Ayuntamiento de Onís (11.00h Salida del Cruce de la Robellada /  21.00h Regreso) INFORMACIÓN E [&hellip;]</p>
