{"id":349563,"date":"2026-04-27T13:50:25","date_gmt":"2026-04-27T11:50:25","guid":{"rendered":"https:\/\/www.onisecoturismo.es\/?post_type=tribe_events&#038;p=349563"},"modified":"2026-04-27T13:52:20","modified_gmt":"2026-04-27T11:52:20","slug":"charla-sobre-ictus","status":"publish","type":"tribe_events","link":"https:\/\/www.onisecoturismo.es\/en\/agenda\/charla-sobre-ictus\/","title":{"rendered":"Charla sobre Ictus"},"content":{"rendered":"<p><strong>OBJETIVO<\/strong>: Ense\u00f1ar a reconocer los primeros s\u00edntomas de un ictus para actuar con rapidez y conocer pautas b\u00e1sicas de prevenci\u00f3n.<\/p>\n<p><strong>FECHA<\/strong>:\u00a0 martes 28 de abril de 2026, a las 12:30 h<\/p>\n<p><strong>LUGAR<\/strong>: C.M.P. \u201cHnos. \u00c1lvarez Marcos\u201d<\/p>\n<p><strong>IMPARTEN<\/strong>:<\/p>\n<ul>\n<li>\u00a0Alberto Garc\u00eda Su\u00e1rez (DUE Centro de Salud de Cangas de On\u00eds)<\/li>\n<li>Eva Rodr\u00edguez Hern\u00e1ndez (EIR Enfermer\u00eda Familiar y Comunitaria. Centro de Salud de Cangas de On\u00eds)<\/li>\n<\/ul>\n<p><strong>Entrada libre<\/strong><\/p>\n<p><strong>ORGANIZA<\/strong>: Programa \u201cRompiendo Distancias\u201d de la Mancomunidad de Cangas de On\u00eds, Amieva y On\u00eds<\/p>\n<p><img decoding=\"async\" class=\"alignnone wp-image-348676\" src=\"https:\/\/www.onisecoturismo.es\/wp-content\/uploads\/2025\/11\/Logo-mancomunidad-cangas-amieva-onis-300x171.jpg\" alt=\"\" width=\"209\" height=\"119\"><\/p>\n<p><strong>COLABORAN<\/strong>:<\/p>\n<ul>\n<li>Servicio de Salud del Principado de Asturias<\/li>\n<li>Principado de Asturias (Consejer\u00eda de Derechos Sociales y Bienestar)<\/li>\n<li>Ayuntamiento de On\u00eds<\/li>\n<li>Asociaci\u00f3n de Mayores de On\u00eds &#8216;R\u00edo G\u00fce\u00f1a&#8217;<\/li>\n<\/ul>\n","protected":false},"excerpt":{"rendered":"<p>Aprende a reconocer los primeros s\u00edntomas de un ictus para actuar con rapidez y conocer pautas b\u00e1sicas de prevenci\u00f3n<\/p>\n","protected":false},"author":2,"featured_media":349564,"template":"","meta":{"_acf_changed":false,"_et_pb_use_builder":"","_et_pb_old_content":"","_et_gb_content_width":"","_tribe_events_status":"","_tribe_events_status_reason":"","footnotes":""},"tags":[],"tribe_events_cat":[112],"class_list":["post-349563","tribe_events","type-tribe_events","status-publish","has-post-thumbnail","hentry","tribe_events_cat-conferencia","cat_conferencia"],"acf":[],"_links":{"self":[{"href":"https:\/\/www.onisecoturismo.es\/en\/wp-json\/wp\/v2\/tribe_events\/349563","targetHints":{"allow":["GET"]}}],"collection":[{"href":"https:\/\/www.onisecoturismo.es\/en\/wp-json\/wp\/v2\/tribe_events"}],"about":[{"href":"https:\/\/www.onisecoturismo.es\/en\/wp-json\/wp\/v2\/types\/tribe_events"}],"author":[{"embeddable":true,"href":"https:\/\/www.onisecoturismo.es\/en\/wp-json\/wp\/v2\/users\/2"}],"version-history":[{"count":4,"href":"https:\/\/www.onisecoturismo.es\/en\/wp-json\/wp\/v2\/tribe_events\/349563\/revisions"}],"predecessor-version":[{"id":349571,"href":"https:\/\/www.onisecoturismo.es\/en\/wp-json\/wp\/v2\/tribe_events\/349563\/revisions\/349571"}],"wp:featuredmedia":[{"embeddable":true,"href":"https:\/\/www.onisecoturismo.es\/en\/wp-json\/wp\/v2\/media\/349564"}],"wp:attachment":[{"href":"https:\/\/www.onisecoturismo.es\/en\/wp-json\/wp\/v2\/media?parent=349563"}],"wp:term":[{"taxonomy":"post_tag","embeddable":true,"href":"https:\/\/www.onisecoturismo.es\/en\/wp-json\/wp\/v2\/tags?post=349563"},{"taxonomy":"tribe_events_cat","embeddable":true,"href":"https:\/\/www.onisecoturismo.es\/en\/wp-json\/wp\/v2\/tribe_events_cat?post=349563"}],"curies":[{"name":"wp","href":"https:\/\/api.w.org\/{rel}","templated":true}]}}

<p><strong>OBJETIVO</strong>: Enseñar a reconocer los primeros síntomas de un ictus para actuar con rapidez y conocer pautas básicas de prevención.</p>
<p><strong>FECHA</strong>:  martes 28 de abril de 2026, a las 12:30 h</p>
<p><strong>LUGAR</strong>: C.M.P. “Hnos. Álvarez Marcos”</p>
<p><strong>IMPARTEN</strong>:</p>
<ul>
<li> Alberto García Suárez (DUE Centro de Salud de Cangas de Onís)</li>
<li>Eva Rodríguez Hernández (EIR Enfermería Familiar y Comunitaria. Centro de Salud de Cangas de Onís)</li>
</ul>
<p><strong>Entrada libre</strong></p>
<p><strong>ORGANIZA</strong>: Programa “Rompiendo Distancias” de la Mancomunidad de Cangas de Onís, Amieva y Onís</p>
<p><img decoding="async" class="alignnone wp-image-348676" src="https://www.onisecoturismo.es/wp-content/uploads/2025/11/Logo-mancomunidad-cangas-amieva-onis-300x171.jpg" alt="" width="209" height="119"></p>
<p><strong>COLABORAN</strong>:</p>
<ul>
<li>Servicio de Salud del Principado de Asturias</li>
<li>Principado de Asturias (Consejería de Derechos Sociales y Bienestar)</li>
<li>Ayuntamiento de Onís</li>
<li>Asociación de Mayores de Onís &#8216;Río Güeña&#8217;</li>
</ul>

<p>Aprende a reconocer los primeros síntomas de un ictus para actuar con rapidez y conocer pautas básicas de prevención</p>
