{"id":342530,"date":"2022-08-09T10:14:33","date_gmt":"2022-08-09T10:14:33","guid":{"rendered":"https:\/\/www.onisecoturismo.es\/?post_type=tribe_events&#038;p=342530"},"modified":"2023-02-22T22:26:09","modified_gmt":"2023-02-22T22:26:09","slug":"fiesta-2022-de-ntra-sra-de-las-nieves-bobia-y-demues","status":"publish","type":"tribe_events","link":"https:\/\/www.onisecoturismo.es\/en\/agenda\/fiesta-2022-de-ntra-sra-de-las-nieves-bobia-y-demues\/","title":{"rendered":"Fiesta 2022 de Ntra.Sra. de las Nieves (BOBIA Y DEMU\u00c9S)"},"content":{"rendered":"<h3>PROGRAMA<\/h3>\n<p><strong>13.00 h. MISA SOLEMNTE<\/strong> acopa\u00f1ada de gaita y tambor a cargo de la Banda de Gaitas de On\u00eds<br \/>\nSubasta del Ramu y sesi\u00f3n verm\u00e7u amenizada por el &#8216;Tr\u00edo Picos de Europa&#8217;.<br \/>\n<strong>17.30 h.<\/strong> Campeonato de brisca<br \/>\n<strong>21.00 h. GRAN PARRILLADA<\/strong> en el valle<br \/>\nA continuaci\u00f3n <strong>VERBENA<\/strong> amenizada por <strong>TR\u00cdO PICOS DE EUROPA\u00a0 &amp; GRUPO COSTA NORTE<\/strong><\/p>\n<h5>Hay carpa y aparcamiento en el prau<\/h5>\n","protected":false},"excerpt":{"rendered":"<p>Misa Solemne, banda de gaitas, sesi\u00f3n Verm\u00fa, Tr\u00edo Picos de Europa, gran parrillada, verbena tr\u00edo Picos de Europa<\/p>\n","protected":false},"author":2,"featured_media":342531,"template":"","meta":{"_acf_changed":false,"_et_pb_use_builder":"","_et_pb_old_content":"","_et_gb_content_width":"","_tribe_events_status":"","_tribe_events_status_reason":"","footnotes":""},"tags":[],"tribe_events_cat":[],"class_list":["post-342530","tribe_events","type-tribe_events","status-publish","has-post-thumbnail","hentry"],"acf":[],"_links":{"self":[{"href":"https:\/\/www.onisecoturismo.es\/en\/wp-json\/wp\/v2\/tribe_events\/342530","targetHints":{"allow":["GET"]}}],"collection":[{"href":"https:\/\/www.onisecoturismo.es\/en\/wp-json\/wp\/v2\/tribe_events"}],"about":[{"href":"https:\/\/www.onisecoturismo.es\/en\/wp-json\/wp\/v2\/types\/tribe_events"}],"author":[{"embeddable":true,"href":"https:\/\/www.onisecoturismo.es\/en\/wp-json\/wp\/v2\/users\/2"}],"version-history":[{"count":0,"href":"https:\/\/www.onisecoturismo.es\/en\/wp-json\/wp\/v2\/tribe_events\/342530\/revisions"}],"wp:featuredmedia":[{"embeddable":true,"href":"https:\/\/www.onisecoturismo.es\/en\/wp-json\/wp\/v2\/media\/342531"}],"wp:attachment":[{"href":"https:\/\/www.onisecoturismo.es\/en\/wp-json\/wp\/v2\/media?parent=342530"}],"wp:term":[{"taxonomy":"post_tag","embeddable":true,"href":"https:\/\/www.onisecoturismo.es\/en\/wp-json\/wp\/v2\/tags?post=342530"},{"taxonomy":"tribe_events_cat","embeddable":true,"href":"https:\/\/www.onisecoturismo.es\/en\/wp-json\/wp\/v2\/tribe_events_cat?post=342530"}],"curies":[{"name":"wp","href":"https:\/\/api.w.org\/{rel}","templated":true}]}}

Fiesta 2022 de Ntra.Sra. de las Nieves (BOBIA Y DEMUÉS)

<h3>PROGRAMA</h3>
<p><strong>13.00 h. MISA SOLEMNTE</strong> acopañada de gaita y tambor a cargo de la Banda de Gaitas de Onís<br />
Subasta del Ramu y sesión vermçu amenizada por el &#8216;Trío Picos de Europa&#8217;.<br />
<strong>17.30 h.</strong> Campeonato de brisca<br />
<strong>21.00 h. GRAN PARRILLADA</strong> en el valle<br />
A continuación <strong>VERBENA</strong> amenizada por <strong>TRÍO PICOS DE EUROPA  &amp; GRUPO COSTA NORTE</strong></p>
<h5>Hay carpa y aparcamiento en el prau</h5>

<p>Misa Solemne, banda de gaitas, sesión Vermú, Trío Picos de Europa, gran parrillada, verbena trío Picos de Europa</p>
